at is j(p)?
7
Let j(s) = s**3 + 6*s**2 + 2. Let b(d) = 4*d - 11. Let a be b(4). Suppose -5*g = -a, c - 4*g = -0*c - 10. Give j(c).
2
Let t = -83 - -77. Let b(y) = 4*y + 2*y - y - 4*y. Calculate b(t).
-6
Let d(a) = 5*a**3 - 7*a**2 + 0*a**2 + a**3 + 6*a**2 + 1 - a. What is d(1)?
5
Let w(c) be the third derivative of -c**6/120 + c**5/12 + 7*c**4/12 + 5*c**3/6 + c**2 - 206*c. Give w(7).
5
Let o be (0/(-1) - 6)*(-55)/220. Let t(c) be the second derivative of o*c**2 + 4*c + 1/20*c**5 + 0 + 1/3*c**3 + 1/6*c**4. What is t(-2)?
-1
Let s(c) = 15*c**3. Suppose z + 5*m = 6, 0 = -0*m + 3*m - 3. Give s(z).
15
Suppose 0 = -5*r + r + 4*d + 32, 4*r = 2*d + 22. Suppose 0 = 4*n - i - 7, r*n - i + 1 = i. Let l(x) = 0*x + 5*x - 9*x + 4. What is l(n)?
-8
Suppose 3*z + 5*h + 25 = 0, 3*z = -3*h + h - 10. Suppose 0*m + 6*m - 12 = z. Let y(f) = 4*f**3 + 5*f - 2 - 2*f**3 + 8*f**3 + 2*f**m - 11*f**3. Give y(3).
4
Let v(t) = -3*t + 45 - 5*t - 38 + 6*t. Calculate v(4).
-1
Let u = -20 - -22. Let b(r) = 23 - 15 - 7 + 2*r**u - 3*r. What is b(3)?
10
Let q(a) = -a**2 - a + 4. Let j(n) = -n**3 + 4*n**2 - 2*n. Let i be j(2). Suppose i*d - 33 = 5*f - 11, 5*d - 3*f - 34 = 0. Suppose -2*x = -d*x. Calculate q(x).
4
Let p(m) = 2*m + 6. Suppose -3*h + 4*z + 4 = 5*z, -4 = -h - 3*z. Let s(q) = -1. Let t(r) = h*p(r) + 5*s(r). Calculate t(2).
5
Let v(k) be the first derivative of k**3/3 + k**2/2 - 9*k - 30. Let t be (-4 + 4)*1/2. What is v(t)?
-9
Let n(c) = -c**2 + 2*c - 1. Let f(m) = 2*m**2 - 2*m. Let w = -10 - -26. Let q = w - 13. Let i(d) = q*n(d) + 2*f(d). Determine i(-4).
5
Let a(s) = s**2 + 8*s + 7. Let h = -23 - -32. Suppose 5*q - 4*b = 12, 28 = 5*q + 2*b + 2*b. Suppose -q*p - 18 = -3*p - 4*z, 3*z = h. What is a(p)?
-5
Let r(s) = s**2 - 11*s - 78. Let q be r(-5). Let o(t) be the third derivative of 0*t + 0 + t**q + 0*t**3 + 3/8*t**4. What is o(-1)?
-9
Suppose -c + 3 = g + g, -5*g = -5*c - 15. Let x be c/(2/(-4)) - -1. Suppose 5*l + 4*f + 5 = -x, 0 = -3*l - 4*f. Let t(j) = -j - 7. What is t(l)?
-3
Let d(o) = -o**2 - 7*o - 5. Let y(b) = -6*b - 56. Let l(x) = -4*x - 37. Let w(j) = 8*l(j) - 5*y(j). Let n be w(-5). What is d(n)?
1
Suppose -y + j = 5*j + 5, j = -3*y - 15. Let k(g) be the second derivative of -7/2*g**2 - 14*g - 1/6*g**3 + 0 + 5/12*g**4 + 1/20*g**5. Give k(y).
-2
Let j(o) = -3*o**2 - 25*o + 4. Let c(l) = l**2 + 8*l - 1. Suppose 0 = -0*m - m + 3. Suppose 3 + 3 = m*s. Let a(u) = s*j(u) + 7*c(u). Determine a(-4).
-7
Let x(z) = 3*z**2 - 3*z + 2. Suppose 0 = -8*k - 4*k + 24. Give x(k).
8
Suppose -5*g = -6 + 41. Let v(p) be the second derivative of p**3/6 + 5*p**2 - 13*p - 2. Give v(g).
3
Suppose -3 = 2*u - 3*s + 30, -2*s + 36 = -2*u. Let p(y) = -y**3 - 22*y**2 - 23*y - 43. Determine p(u).
-1
Let w(f) be the second derivative of -1/20*f**5 - 1/12*f**4 + 3*f + 2/3*f**3 + 2*f**2 + 0. What is w(-3)?
10
Suppose 63 = -0*p - 9*p. Let k(n) = 111*n + 3 + 121*n + n**2 - 224*n. Give k(p).
-4
Let v(r) = r**2 - 13*r + 7. Suppose 0 = -2*u - 10, 30*u = 3*s + 25*u - 52. What is v(s)?
-29
Suppose -3*w + 3*p + 33 = 0, 2*w = -w - 2*p + 58. Let l be ((-5)/(-2))/(w/32). Let s(c) = -c**2 + 8*c - 7. Determine s(l).
8
Let r(s) = 3*s - 31. Suppose -5*u = -961 + 911. What is r(u)?
-1
Let i(n) = n**3 + n**2 + n - 5. Let j be 4*-45*3/12. Let l be (-30)/j + (-122)/(-6). Let r be (l/(-6) - -3)*0. Determine i(r).
-5
Let b(m) be the second derivative of -m**4/12 + 3*m**3/2 - 13*m**2/2 + 89*m. Give b(9).
-13
Let l(k) = -k**2 + k. Let p(u) be the third derivative of -7*u**5/60 + 3*u**4/8 + u**3/6 - 21*u**2. Let x(z) = -5*l(z) + p(z). What is x(3)?
-5
Let c = 2 + 6. Let w be 0/(2/c*4). Let n(h) = -h. Calculate n(w).
0
Suppose 4*q - 4*j - 124 = 0, -5*j - 27 + 2 = 0. Suppose q = 2*x + 20. Let l(f) = -4*f + 3. Determine l(x).
-9
Let c(z) = -z + 5. Let t be c(0). Let i(g) be the first derivative of -g**3/6 + 3*g**2 + g - 1. Let w(d) be the first derivative of i(d). Determine w(t).
1
Let h(w) be the second derivative of w**3/6 - 7*w**2/2 - 6*w + 37. What is h(-14)?
-21
Let c(x) = x**2 - 10*x - 14. Suppose 0 = 5*a + 3*u - 52, 2*u - 7*u = 3*a - 28. Determine c(a).
-3
Let n(q) = q + 10. Let r be n(-8). Let d(l) = 12 - l - 16 - l**3 - 3*l**2 + r*l**2. Give d(0).
-4
Let z(r) be the first derivative of -r**6/120 + 7*r**5/60 - 7*r**4/24 + 7*r**3/6 + 21*r**2/2 - 17. Let j(m) be the second derivative of z(m). Give j(6).
1
Suppose 0 = 2*n - m - 0 + 2, -4*m = -3*n + 7. Let v be (-3)/n - 0 - 28. Let u be v/33 - (-2)/(-11). Let f(l) = l + 1. Determine f(u).
0
Let r(a) = -12882*a + 7*a**3 - 2*a**2 + 2*a**3 + 0*a**3 - 3*a**3 + 12880*a - 1. Calculate r(-1).
-7
Let j(l) = 5*l**2 - 2*l - 1. Suppose 0 = 4*b - 0*b - 72. Let i = b - 19. What is j(i)?
6
Let o(n) be the second derivative of n**6/360 - n**5/30 + n**4/4 - 2*n. Let y(a) be the third derivative of o(a). What is y(5)?
6
Suppose 0*w - 4 = -4*w - 5*o, 5*o - 2 = -2*w. Let d be (-1)/(-2) + (-12)/(-8). Let f(k) = 13*k**3 - k**d + 3*k - k - k. Calculate f(w).
13
Let w(k) be the third derivative of -k**8/20160 - k**7/560 - k**6/144 - 7*k**5/60 + 15*k**2. Let a(g) be the third derivative of w(g). What is a(-7)?
9
Let h(p) = p + 5. Suppose -3*v - 3*z = 57, 0 = -2*v - 3*z + 2*z - 39. Let q be ((-16)/v)/(2/(-40)). Let u = 22 + q. Determine h(u).
11
Let p(x) = -x + 1. Let l(c) = -24*c + 8*c + 17*c + 5. Let a(j) = -l(j) - 2*p(j). Determine a(5).
-2
Suppose 0 = 306*o - 314*o - 72. Let k(q) = q**2 + 9*q - 4. Give k(o).
-4
Let g be 1*(95/(-15) - 1/(-3)). Let i(m) = 5*m - 9. Let u(v) = -17 + 5*v + 4*v + 0*v. Let c(b) = -11*i(b) + 6*u(b). Determine c(g).
3
Let q = 63 + -36. Let v be (-10)/(-6) - 18/q. Let k be v - (2 + -8 + 1). Let d(x) = x + 2. Give d(k).
8
Let n(q) = -q. Let d(l) = 2*l - 1. Let s(f) = -d(f) - 4*n(f). Suppose 4*p - 3*p - 1 = 0. What is s(p)?
3
Suppose -m = 2*m + 12. Let n = 2 + m. Let a(k) = -19*k - 10. Let r(q) = -6*q - 3. Let l(u) = -2*a(u) + 7*r(u). Calculate l(n).
7
Let t(r) = 11 + 7 - 16 + 4*r. Calculate t(-3).
-10
Let f(a) = -a**2 + 73*a - 1325. Let q be f(33). Let k(m) be the second derivative of m**5/20 + m**4/2 + 5*m**3/6 + 7*m**2/2 - m. What is k(q)?
7
Let s(j) = -2*j**3 + 19*j**2 + 9*j - 9. Let m(k) = 3*k**3 - 28*k**2 - 14*k + 13. Let b(g) = -5*m(g) - 8*s(g). Give b(12).
-17
Suppose 0 = b - 5*b + 12. Let z(v) = v**3 - 2*v**3 + 8*v + 3*v**3 - b*v**3 + 8 - 6*v**2. Give z(-7).
1
Suppose -m - 2 = 2*y + 3*m, 0 = 3*y + 3*m - 3. Let o(b) = -8 - b - 7 + 1 + 15. Let g(d) = -2*d + 3. Let l(t) = y*g(t) - 7*o(t). Determine l(2).
4
Let m(p) be the second derivative of -p**3/2 - 3*p**2 - p. Let s(z) = -4 + 10*z + 28*z**2 - 7*z**2 - 80*z**3 + 82*z**3 - 1. Let o be s(-10). Determine m(o).
9
Let c(b) = -7*b - 1413 - 1417 - 7*b**2 + 2825 - b**3. What is c(-6)?
1
Let o(w) = w - 2. Let m(l) = -2. Let d(v) = -6*m(v) - o(v). Determine d(-14).
28
Let m(l) be the third derivative of -5*l**4/24 - 5*l**3/6 + 3*l**2. Let f(b) = -14*b - 14. Let j(d) = 4*f(d) - 11*m(d). Give j(-4).
3
Let o(k) = 2*k - 30. Let r = -7 - -19. Determine o(r).
-6
Suppose 4*v - i + 4 = 0, 2*i - 5*i = 5*v + 5. Let k(w) be the second derivative of w**3/2 + w. What is k(v)?
-3
Let w be (-72)/(-60)*(-35)/14. Let o(z) = 5*z + 3. What is o(w)?
-12
Let j = 50 + -45. Suppose -3*u + 2*m + 3 = -j, 3*m + 9 = 3*u. Let y(k) = -k**3 - 3*k + 3. What is y(u)?
-11
Let x(l) be the third derivative of -l**5/60 + 11*l**4/24 - 7*l**3/6 + 7*l**2 - 19. Give x(10).
3
Let s(l) = -6 + 40*l**2 + 4*l - 39*l**2 - 3. Let o(t) = -t + 5. Let k be o(12). Determine s(k).
12
Let m be (2 + -1)/1 - -2. Suppose 0 = m*w + 9 - 0. Let h(b) = 63*b**2 - 1 - 34*b**2 + b**3 - 25*b**2. Calculate h(w).
8
Let w(h) = -87*h + 259*h - 80*h - 91*h + 7. Let b(q) = q**3 - 8*q**2 + 7*q - 7. Let d be b(7). Let i = 2 + d. Determine w(i).
2
Let m = -1632 - -1625. Let f(i) = i**2 + 11*i + 7. What is f(m)?
-21
Let c(x) = 1. Let n(j) be the third derivative of -5*j**4/24 + j**3/2 - 31*j**2. Let i(w) = 5*c(w) - n(w). Calculate i(5).
27
Suppose f + 0 = 2. Let m be 5/(42/(-10) - -4)*-1. Let b(y) = -71*y + y**2 + m*y + 20*y + 2 + 24*y. Determine b(f).
2
Suppose 0 = 5*q - 14*q + 18. Let w(x) be the second derivative of 0 + 5*x - 1/2*x**q + 1/2*x**3. Determine w(3).
8
Let f(y) be the second derivative of -y**5/20 + 5*y**4/12 + y**3/3 + y**2 - 142*y. Calculate f(5).
12
Let x(p) = 4